nds digit of 850633?
8
What is the units digit of 40445?
5
What is the hundred thousands digit of 310098?
3
What is the units digit of 42744?
4
What is the hundred thousands digit of 534122?
5
What is the hundreds digit of 39349?
3
What is the tens digit of 32751?
5
What is the thousands digit of 2728982?
8
What is the ten thousands digit of 671443?
7
What is the thousands digit of 1001412?
1
What is the hundreds digit of 724597?
5
What is the units digit of 10884033?
3
What is the hundred thousands digit of 377307?
3
What is the units digit of 65123?
3
What is the hundreds digit of 2954256?
2
What is the ten thousands digit of 392706?
9
What is the hundred thousands digit of 1721296?
7
What is the thousands digit of 68496?
8
What is the thousands digit of 2707091?
7
What is the hundreds digit of 15965134?
1
What is the ten thousands digit of 322735?
2
What is the tens digit of 1634253?
5
What is the thousands digit of 2593887?
3
What is the ten thousands digit of 4573120?
7
What is the units digit of 6585?
5
What is the hundreds digit of 2695719?
7
What is the tens digit of 268705?
0
What is the hundred thousands digit of 215863?
2
What is the hundreds digit of 3393403?
4
What is the ten thousands digit of 1411040?
1
What is the thousands digit of 8161925?
1
What is the tens digit of 725332?
3
What is the units digit of 1630825?
5
What is the hundreds digit of 88764?
7
What is the tens digit of 74701?
0
What is the units digit of 1462732?
2
What is the thousands digit of 829067?
9
What is the thousands digit of 15073002?
3
What is the hundred thousands digit of 2437228?
4
What is the ten thousands digit of 292059?
9
What is the tens digit of 869663?
6
What is the units digit of 288569?
9
What is the ten thousands digit of 8372536?
7
What is the hundreds digit of 2904579?
5
What is the thousands digit of 409617?
9
What is the tens digit of 657801?
0
What is the units digit of 620570?
0
What is the hundreds digit of 1900154?
1
What is the hundreds digit of 160221?
2
What is the tens digit of 1000008?
0
What is the millions digit of 1681487?
1
What is the hundreds digit of 126325?
3
What is the units digit of 8201175?
5
What is the units digit of 3920504?
4
What is the hundreds digit of 2899199?
1
What is the tens digit of 6254684?
8
What is the hundred thousands digit of 131870?
1
What is the hundreds digit of 11804889?
8
What is the millions digit of 1373839?
1
What is the millions digit of 5331366?
5
What is the ten thousands digit of 965828?
6
What is the tens digit of 213125?
2
What is the millions digit of 14673385?
4
What is the tens digit of 292824?
2
What is the tens digit of 126816?
1
What is the tens digit of 72704?
0
What is the tens digit of 15286423?
2
What is the thousands digit of 301683?
1
What is the tens digit of 71664?
6
What is the ten thousands digit of 587041?
8
What is the hundreds digit of 233083?
0
What is the hundred thousands digit of 287211?
2
What is the thousands digit of 1723638?
3
What is the units digit of 52810?
0
What is the ten thousands digit of 7515284?
1
What is the units digit of 249766?
6
What is the thousands digit of 25709?
5
What is the millions digit of 7224092?
7
What is the ten thousands digit of 266763?
6
What is the ten thousands digit of 408467?
0
What is the tens digit of 303203?
0
What is the thousands digit of 333444?
3
What is the thousands digit of 189461?
9
What is the units digit of 5280187?
7
What is the hundred thousands digit of 26989265?
9
What is the thousands digit of 436640?
6
What is the millions digit of 3429919?
3
What is the hundred thousands digit of 103162?
1
What is the units digit of 257960?
0
What is the millions digit of 1865348?
1
What is the units digit of 6364?
4
What is the tens digit of 2832781?
8
What is the thousands digit of 64185?
4
What is the thousands digit of 11097?
1
What is the ten thousands digit of 1721980?
2
What is the thousands digit of 294042?
4
What is the millions digit of 3094390?
3
What is the hundreds digit of 54834?
8
What is the units digit of 572536?
6
What is the ten thousands digit of 9672112?
7
What is the thousands digit of 105287?
5
What is the millions digit of 13217817?
3
What is the thousands digit of 839769?
9
What is the millions digit of 6737793?
6
What is the ten thousands digit of 535307?
3
What is the hundreds digit of 532140?
1
What is the units digit of 583964?
4
What is the hundreds digit of 22013821?
8
What is the tens digit of 2391760?
6
What is the hundreds digit of 707027?
0
What is the thousands digit of 17466839?
6
What is the units digit of 25718382?
2
What is the tens digit of 426755?
5
What is the hundred thousands digit of 779717?
7
What is the tens digit of 1191814?
1
What is the units digit of 741020?
0
What is the hundreds digit of 562196?
1
What is the units digit of 2935581?
1
What is the hundreds digit of 40819?
8
What is the thousands digit of 155506?
5
What is the hundreds digit of 3217115?
1
What is the tens digit of 80826?
2
What is the hundred thousands digit of 8249817?
2
What is the hundred thousands digit of 783219?
7
What is the hundreds digit of 5083617?
6
What is the units digit of 9123137?
7
What is the thousands digit of 1031854?
1
What is the tens digit of 143684?
8
What is the hundred thousands digit of 9912693?
9
What is the hundred thousands digit of 2009902?
0
What is the thousands digit of 25484?
5
What is the ten thousands digit of 1216877?
1
What is the hundreds digit of 122550?
5
What is the hundreds digit of 174112?
1
What is the units digit of 2765408?
8
What is the thousands digit of 23032251?
2
What is the units digit of 25010815?
5
What is the units digit of 1417075?
5
What is the hundreds digit of 485201?
2
What is the hundreds digit of 7576159?
1
What is the hundred thousands digit of 508342?
5
What is the thousands digit of 387951?
7
What is the tens digit of 974178?
7
What is the thousands digit of 1508975?
8
What is the millions digit of 2163595?
2
What is the ten thousands digit of 69222?
6
What is the tens digit of 168410?
1
What is the ten thousands digit of 5665859?
6
What is the hundred thousands digit of 976571?
9
What is the hundreds digit of 22462766?
7
What is the units digit of 237315?
5
What is the units digit of 53146?
6
What is the thousands digit of 988219?
8
What is the hundreds digit of 8144585?
5
What is the thousands digit of 7178886?
8
What is the tens digit of 2809561?
6
What is the hundred thousands digit of 340262?
3
What is the hundreds digit of 312810?
8
What is the units digit of 105439?
9
What is the hundreds digit of 13511765?
7
What is the hundreds digit of 437412?
4
What is the hundred thousands digit of 935892?
9
What is the millions digit of 1333482?
1
What is the tens digit of 1449941?
4
What is the ten thousands digit of 6440378?
4
What is the tens digit of 1633360?
6
What is the millions digit of 36283239?
6
What is the ten thousands digit of 2029545?
2
What is the hundred thousands digit of 246660?
2
What is the ten thousands digit of 3007190?
0
What is the tens digit of 7620150?
5
What is the hundreds digit of 625984?
9
What is the ten thousands digit of 30501765?
0
What is the hundred thousands digit of 2638219?
6
What is the ten thousands digit of 17428?
1
What is the hundred thousands digit of 195542?
1
What is the thousands digit of 107278?
7
What is the units digit of 13745740?
0
What is the hundreds digit of 95756?
7
What is the thousands digit of 2237033?
7
What is the thousands digit of 3613593?
3
What is the ten thousands digit of 107177?
0
What is the units digit of 3206513?
3
What is the hundreds digit of 339836?
8
What is the tens digit of 6042164?
6
What is the thousands digit of 4083438?
3
What is the hundreds digit of 3994515?
5
What is the millions digit of 4826061?
4
What is the thousands digit of 215130?
5
What is the hundred thousands digit of 5520046?
5
What is the units digit of 765858?
8
What is the ten thousands digit of 1551441?
5
What is the millions digit of 1023120?
1
What is the hundred thousands digit of 4472421?
4
What is the hundreds digit of 999823?
8
What is the ten thousands digit of 754061?
5
What is the hundreds digit of 417452?
4
What is the millions digit of 1334599?
1
What is the thousands digit of 19